base 10?
45
Convert -3274 (base 11) to base 12.
-25b8
Convert -34d (base 15) to base 11.
-620
Convert -1d4 (base 16) to base 2.
-111010100
3334 (base 12) to base 10
5656
-30222 (base 4) to base 2
-1100101010
1288 (base 14) to base 9
4417
What is 1090 (base 12) in base 7?
5232
Convert 202021 (base 3) to base 8.
1043
What is -1021110 (base 3) in base 16?
-3a2
What is -2505 (base 7) in base 13?
-570
Convert 9a (base 15) to base 11.
122
-8744 (base 9) to base 16
-1927
-21012 (base 3) to base 13
-11c
-57031 (base 8) to base 14
-8ac9
What is 41347 (base 9) in base 16?
6a7b
-3372 (base 8) to base 6
-12134
51 (base 13) to base 8
102
Convert -457 (base 14) to base 2.
-1101011101
-2cab (base 16) to base 12
-674b
-111000000101 (base 2) to base 9
-4827
What is -1100110100010001 (base 2) in base 6?
-1043013
Convert -120a (base 13) to base 8.
-4761
What is 1779 (base 11) in base 5?
33024
-5611 (base 7) to base 15
-8e7
What is 470 (base 11) in base 15?
276
What is -767 (base 12) in base 16?
-43f
Convert -225 (base 11) to base 14.
-153
Convert -221132 (base 5) to base 8.
-16763
What is 4ca (base 16) in base 5?
14401
-324 (base 10) to base 2
-101000100
-2041 (base 14) to base 3
-21121101
What is 11011101101 (base 2) in base 10?
1773
What is 140a (base 12) in base 2?
100100001010
What is -45670 (base 8) in base 16?
-4bb8
Convert 12b18 (base 13) to base 10.
34835
Convert -1632 (base 11) to base 10.
-2092
Convert -120020 (base 3) to base 5.
-3121
What is -121 (base 15) in base 4?
-10000
Convert 280 (base 12) to base 16.
180
What is -10 (base 6) in base 7?
-6
1371 (base 9) to base 16
40c
What is -5275 (base 10) in base 9?
-7211
-12975 (base 11) to base 16
-482a
Convert -1100001 (base 2) to base 12.
-81
86c3 (base 16) to base 12
17b6b
-41221 (base 5) to base 13
-12b8
What is -3301 (base 5) in base 13?
-289
What is 1203114 (base 5) in base 11?
15819
-4dd5 (base 15) to base 3
-211210202
Convert 10763 (base 10) to base 16.
2a0b
-10100200 (base 4) to base 2
-100010000100000
Convert -233100 (base 4) to base 7.
-11550
Convert -4448 (base 12) to base 15.
-237e
Convert 4c84 (base 15) to base 14.
5d40
Convert 1188 (base 15) to base 6.
25132
Convert -42a3 (base 11) to base 3.
-21210100
Convert -10110110101001 (base 2) to base 9.
-17027
What is 635 (base 12) in base 4?
32021
Convert 2543 (base 7) to base 9.
1278
What is -10123 (base 6) in base 4?
-111003
Convert -110000000011001 (base 2) to base 12.
-122a1
What is -1133 (base 8) in base 7?
-1521
16517 (base 8) to base 3
101021220
What is 56878 (base 9) in base 5?
2203043
-62 (base 14) to base 15
-5b
Convert 12847 (base 9) to base 5.
234320
-10142 (base 5) to base 6
-3040
155560 (base 7) to base 15
91e4
668 (base 9) to base 12
398
What is 11510 (base 6) in base 11?
1304
Convert 1121112 (base 3) to base 13.
6c5
-102333 (base 4) to base 8
-2277
What is 2574 (base 8) in base 3?
1221000
2bc23 (base 13) to base 4
110112102
What is -c72 (base 14) in base 9?
-3324
What is 4506 (base 10) in base 2?
1000110011010
What is 1031111 (base 4) in base 8?
11525
10745 (base 9) to base 16
1c01
-5983 (base 12) to base 6
-114243
4461 (base 7) to base 16
64b
Convert 11202 (base 3) to base 14.
92
Convert 12618 (base 13) to base 14.
c55c
Convert 2c7 (base 16) to base 12.
4b3
-153230 (base 6) to base 11
-102a1
Convert -2451 (base 7) to base 2.
-1110010110
-67886 (base 10) to base 9
-113108
Convert -186a8 (base 12) to base 5.
-2114202
-9957 (base 11) to base 14
-4adc
Convert -1000121 (base 5) to base 9.
-23431
What is 110011100000 (base 2) in base 9?
4462
What is -1171 (base 14) in base 8?
-5737
What is -4623 (base 9) in base 13?
-1734
1705 (base 12) to base 5
41431
-6929 (base 10) to base 9
-10448
Convert 83 (base 13) to base 4.
1223
Convert -b8a (base 15) to base 3.
-10120111
Convert 212112210 (base 3) to base 8.
41416
-1263 (base 9) to base 4
-32310
What is 14340 (base 5) in base 13?
72b
Convert -23526 (base 10) to base 13.
-a929
What is 2584 (base 12) in base 10?
4276
1430215 (base 6) to base 2
10011111101000011
What is 22230200 (base 4) in base 13?
16c2b
Convert 200 (base 8) to base 9.
152
11111011100 (base 2) to base 11
156a
1031 (base 7) to base 6
1405
Convert 14040 (base 6) to base 16.
888
Convert -234f (base 16) to base 15.
-2a29
Convert -557 (base 9) to base 12.
-321
Convert 813 (base 14) to base 13.
94c
Convert 1401 (base 7) to base 2.
1000011100
-1061 (base 8) to base 4
-20301
3709 (base 11) to base 13
2290
What is 5310 (base 7) in base 12?
10b9
Convert -508 (base 10) to base 14.
-284
-1021 (base 6) to base 2
-11100101
Convert 100201 (base 3) to base 5.
2022
What is -7281 (base 9) in base 2?
-1010011011010
1455 (base 12) to base 14
c13
What is 2bb (base 15) in base 13?
392
18199 (base 12) to base 2
1000100000000101
1418 (base 10) to base 16
58a
100011111100 (base 2) to base 11
1801
Convert -2b8 (base 14) to base 8.
-1052
What is -9fb (base 16) in base 6?
-15455
44211 (base 10) to base 7
242616
-1331323 (base 4) to base 10
-8059
-2012222 (base 3) to base 13
-977
-6201 (base 7) to base 14
-b01
Convert -247b (base 16) to base 4.
-2101323
-5e7 (base 15) to base 2
-10100111110
Convert -2355 (base 12) to base 5.
-111303
636 (base 9) to base 14
291
111123313 (base 4) to base 11
5aa68
100010010 (base 3) to base 12
3a19
Convert 212 (base 15) to base 11.
395
Convert -239c (base 15) to base 10.
-7572
-6164 (base 7) to base 8
-4151
What is -539 (base 12) in base 9?
-1040
What is -4a16 (base 11) in base 8?
-14627
What is -1658 (base 14) in base 15?
-12b8
What is -18d8 (base 14) in base 6?
-32502
What is -40 (base 8) in base 5?
-112
-210201 (base 3) to base 4
-21022
Convert 2864 (base 12) to base 10.
4684
Convert 903 (base 11) to base 8.
2104
Convert 317 (base 9) to base 15.
124
What is -1110 (base 4) in base 16?
-54
What is -55806 (base 11) in base 16?
-13bc2
What is -9866 (base 11) in base 10?
-13019
What is 2a7 (base 16) in base 7?
1660
Convert -7a51 (base 12) to base 4.
-3110131
What is -a1c (base 14) in base 12?
-1196
Convert -213001 (base 4) to base 12.
-1541
What is -1edb (base 15) in base 2?
-1101001001011
963 (base 11) to base 15
523
-10201210 (base 3) to base 12
-16a9
What is -130 (base 15) in base 12?
-1a6
4a9 (base 11) to base 15
2a3
7272 (base 13) to base 6
201110
What is 2039 (base 12) in base 4?
312231
Convert 2112200111 (base 3) to base 7.
265660
What is -252 (base 10) in base 5?
-2002
-3c7 (base 13) to base 3
-220211
-11303010 (base 4) to base 7
-126144
What is 4a4 (base 13) in base 6?
3430
What is -20100 (base 3) in base 14?
-c3
-155 (base 8) to base 10
-109
What is -23332 (base 5) in base 7?
-5002
22203213 (base 4) to base 16
a8e7
-2589 (base 14) to base 16
-19bd
Convert 111441 (base 5) to base 11.
3003
What is -4caa (base 13) in base 3?
-120000210
Convert -2897 (base 10) to base 4.
-231101
What is -168 (base 10) in base 7?
-330
Convert -108b (base 15) to base 11.
-26a8
Convert -211133 (base 5) to base 13.
-328a
What is -111110011010000 (base 2) in base 3?
-1121211102
What is 15a8 (base 14) in base 2?
111100100000
Convert 960 (base 10) to base 14.
4c8
32033301 (base 4) to base 9
88036
Convert 480 (base 11) to base 14.
2cc
-1102032 (base 4) to base 12
-3066
Convert -1148 (base 10) to base 12.
-7b8
Convert -123 (base 6) to base 13.
-3c
-2652 (base 12) to base 8
-10436
2221 (base 6) to base 11
430
Convert -2020233 (base 5) to base 6.
-410440
Convert -111110010 (base 2) to base 11.
-413
What is -2133 (base 6) in base 8?
-751
What is -6cd (base 15) in base 13?
-919
-31242 (base 5) to base 9
-2752
What is -8a78 (base 13) in base 3?
-222120020
4617 (base 14) to base 13
5705
1010101110110 (base 2) to base 6
41234
-b (base 15) to base 9
-12
Convert -108 (base 14) to base 4.
-3030
256 (base 13) to base 14
213
Convert -659 (base 11) to base 7.
-2206
Convert -2d1a (base 15) to base 5.
-302300
What is 1c65 (base 14) in base 9?
7101
1103434 (base 5) to base 16
4b2c
-18b2 (base 12) to base 13
-14ab
-24 (base 6) to base 10
-16
Convert 1111001001 (base 2) to base 10.
969
341 (base 14) to base 16
285
-1113541 (base 6) to base 11
-39568
-169 (base 13) to base 16
-100
What is 1b206 (base 12) in base 13?
152bb
-3043 (base 16) to base 5
-343410
What is -2021024 (base 5) in base 11?
-22582
What is 1101101110 (base 2) in base 15?
3d8
Convert 958 (base 1